*v**2 - v + 2. Let t(x) = 2*k(x) - 3*q(x). Let a = 14 - 10. Determine t(a).
-1
Let v = -43 + 46. Let a(o) = o**3 - 2*o**2 - 5*o + 3. Give a(v).
-3
Let z(c) = c**2 + 7*c + 2. Suppose 60 = 4*g - j, -2*j = -3*j. Suppose 3*f - f - 5*s = 0, -g = f + 5*s. Determine z(f).
-8
Let o(l) = -l + 4. Let c(n) = -3*n + 11. Let y(j) = -3*c(j) + 8*o(j). Let x(k) = 2*k - 1. Let z(m) = -6*x(m) + 11*y(m). What is z(-5)?
0
Let o(p) = -3*p - 28. Let f be o(-9). Let t(s) = 4*s + 0 - 3 + 4. Determine t(f).
-3
Let y be (0 + 0 + 0)/(-2). Let k(g) = -g - 5. Determine k(y).
-5
Let l(d) = -d**3 - 8*d**2 - 6*d - 7. Let u = -69 - -62. Give l(u).
-14
Let j(o) be the first derivative of o**2 - 3*o + 1/4*o**4 + 4/3*o**3 + 9. Give j(-3).
0
Let s(r) = -5*r + 7 + r + 0*r - 11. Calculate s(-4).
12
Let c(n) be the third derivative of 4*n**2 + 0*n + 0*n**3 - 1/24*n**4 + 0. What is c(7)?
-7
Let g(w) = -2*w**3 - 4*w**2 + 2*w - 3 - 4*w**2 + 9*w**2. What is g(2)?
-11
Let w(n) be the second derivative of n**5/20 - 3*n**4/4 + 11*n**3/6 - 11*n**2/2 + 2*n + 19. What is w(8)?
13
Let h(t) = -6*t - 3. Let r = 7 + -11. Determine h(r).
21
Let t(p) = 2*p**3 + 21*p**2 + 24*p - 8. Let v(f) = -f**3 - 11*f**2 - 12*f + 4. Let b(g) = -2*t(g) - 5*v(g). What is b(-12)?
-4
Let u be (-8)/(-10)*(-15)/(-6). Suppose u*q = -5*h - 7, 5*q = -5*h - 0*h + 20. Let b be (q/6)/(1/2). Let o(x) = 3*x - 2. What is o(b)?
7
Let n(l) = 3*l + 7. Let b be n(-3). Let y(k) = 2. Let s(i) = -i + 9. Let j(w) = b*s(w) + 9*y(w). Give j(6).
12
Let i(g) = -5*g**2 + g. Let x be i(-1). Let a(d) = d + 7. What is a(x)?
1
Let k = 1 - -7. Let f(l) = -k + l - 2*l - 5. Suppose 3*r = u - 2*u - 12, 0 = -u + 3*r. What is f(u)?
-7
Let k(o) = o**2 - 9*o + 2. Let g be k(9). Let i(z) = -13*z**3 - 25*z**2 - z + 11. Let c(a) = -3*a**3 - 6*a**2 + 3. Let b(x) = g*i(x) - 9*c(x). What is b(-4)?
3
Let a(i) = -i**2 - 4*i + 1. Let l be a(-3). Let s(r) = -r**2 + 4*r + 3. Calculate s(l).
3
Let b(y) = y**2 + 3*y - 5. Suppose 5*d = 16 - 1. Suppose -5*r + 40 = -4*g, -g - d*g - 3*r - 8 = 0. Give b(g).
5
Let h(a) = a**3 - 5*a**2 + 4*a - 4. Let d be (14/(-6) + 2)*-12. Suppose -d*b - 11 = 25. Let p = b + 12. Calculate h(p).
-10
Let n(l) = l**3 - l**2. Let s(v) = 2*v**3 - 3*v**2 + 8. Let h(w) = 3*n(w) - s(w). Let p be (-9)/6*2 + 3. Determine h(p).
-8
Let w(h) be the second derivative of h**4/4 - h**3/3 + h**2/2 + h. Let b be (2 - -3)/1 + -3. What is w(b)?
9
Let v be 0 + -6 + (-5 - -5 - -1). Let c(h) = -2*h + 1. Calculate c(v).
11
Suppose -18 = -u - 2*u. Let p(g) = -g**2 + 8*g - 7. Give p(u).
5
Let j(a) = -10*a**2 + 9*a - 6. Let r(y) = 2*y**2 - 2*y + 1. Let c(x) = -x**3 - 3*x**2 + 5*x + 4. Let m be c(-3). Let g(i) = m*r(i) - 2*j(i). Calculate g(3).
-5
Let j be ((-12)/15)/(2/(-15)). Let s be (9/j)/(3/2). Let n(r) = 3*r**2 + r - 1. Determine n(s).
3
Let g(u) be the first derivative of -u**3/3 - u**2 - u + 1. Let o(q) = -5*q - q**2 - 3 - 4 - 2*q. Let w be o(-6). Give g(w).
0
Let j(r) = 4*r**2 - 7 - 5 + 5 - 5*r**2 - 6*r. Let o be (-51)/9 - (-1)/(-3). Calculate j(o).
-7
Let q(r) = 6*r + 87*r**2 - 1 - 169*r**2 + 83*r**2. Give q(-6).
-1
Let o(x) = -22*x - 30*x + 46*x - 1. Calculate o(-1).
5
Suppose -4*a + 0 + 14 = 3*o, 8 = o + 3*a. Let j be 6*(1 + (-1)/o). Let h(b) be the third derivative of b**5/60 - b**4/12 - b**3/6 - 3*b**2. What is h(j)?
2
Let d(a) = -a**3 - 3*a**2. Suppose -h + 3 = 0, h - 3 = j - 0. Let b be j + (-16)/2 - -2. Let p be (2/6)/(b/54). Calculate d(p).
0
Let g(w) = 2*w**3 + w**2 - w - 1. Suppose 0 = -0*o + 4*o - 40. Suppose -5*h = -2*h - 3*b + 18, o = 5*h + 3*b. Determine g(h).
-1
Let i(c) = -7*c**3 - 2*c**2 + 6*c - 3. Let d(t) = -6*t**3 - 2*t**2 + 5*t - 3. Let j(r) = -6*d(r) + 5*i(r). Let a = 7 + -10. Let q = a + 0. Give j(q).
-6
Let f(t) = t - 5. Let g(y) = -2*y + 10. Let m(z) = -13*f(z) - 6*g(z). Give m(-4).
9
Let y(o) be the second derivative of -o**5/20 + o**4/2 - o**3/3 + 3*o**2 + 43*o. Determine y(6).
-6
Suppose 6*k - 5*k = -3*h - 12, 16 = -3*k - 5*h. Let p be -1*(-5)/(15/6). Let b(x) = 4 - x**3 - 3 - p*x**2 + 4*x**2 + 3*x. Determine b(k).
1
Let j(u) be the third derivative of -u**4/24 + 5*u**3/6 + 16*u**2. Give j(8).
-3
Let v(d) = -5*d - d**2 + d**3 + 4*d + 2 - 3. Let f(x) = -4*x**3 + 5*x**2 + 4*x + 10. Let s(p) = -f(p) - 5*v(p). Determine s(0).
-5
Let h = 16 - 14. Let f(t) = -2 + 3 + 3*t - t**h - 4. What is f(2)?
-1
Suppose -39 = -16*w + 25. Let y(a) = -5*a**2 + 2*a**3 - 4 - a**3 + 5*a - 2. Calculate y(w).
-2
Suppose 2*x - 4*f = 18, 4*x - 2 = -f - 11. Let k(b) = -21*b**2 - 1. Determine k(x).
-22
Suppose 10*k - 5*k - 25 = 0. Suppose 2*b - 2 = 4*g, 5*b - 3*g - 29 = -k*g. Let m(q) = q**2 - 3*q - 2. Determine m(b).
8
Suppose 3*k + 3 = 30. Suppose 8*m - k = 5*m. Let t(b) = b**2 - b - 4. Calculate t(m).
2
Let l(f) = 3*f**2 + 6 - 8*f**3 + f - 16*f**3 + 23*f**3 - 5. What is l(3)?
4
Let b(d) = -3 + 5 + 4 + 4*d - 4. Calculate b(-2).
-6
Let r(y) = -y**2 + 6*y - 8. Let z = 21 - 15. Give r(z).
-8
Suppose 5*c - 19 = 3*v, -22 = -5*c - v + 5*v. Let s(g) = -7*g + 5*g**3 - 4*g**3 + 5 - 3*g**2 - 6*g**2 + 3*g**c. Calculate s(7).
5
Let i(z) be the first derivative of -z**2/2 - 2*z + 4. Let h be ((-3)/5)/(1/(-10)). Suppose 4*r - 14 = h. Calculate i(r).
-7
Let z(h) = -3*h**3 + 9*h**2 + h - 2. Let d(j) = -2*j**3 + 5*j**2 + j - 1. Let w(r) = -5*d(r) + 3*z(r). Calculate w(-2).
3
Suppose 3*w + 2 = -10*x + 5*x, -4*x - 40 = -4*w. Let q(h) be the third derivative of h**4/12 - 3*h**3/2 - 162*h**2. Calculate q(w).
3
Let l = -28 - -40. Suppose z = -2*z - l. Let t(s) = 13*s + 15. Let k(u) = 7*u + 8. Let m(a) = 11*k(a) - 6*t(a). Give m(z).
2
Let s(d) be the first derivative of -3*d**2/2 - d + 12. Give s(-2).
5
Let m = 1 - 1. Suppose -5*y + 19 = 4. Let b(q) = 3*q - 13. Let o(k) = -k + 4. Let g(u) = y*b(u) + 8*o(u). What is g(m)?
-7
Let r(o) = -o. Suppose 3*a + 4*s + 23 = -2*a, 2*a + 5*s + 16 = 0. Determine r(a).
3
Let v(y) be the third derivative of y**4/24 + 2*y**3/3 + 20*y**2. Give v(-5).
-1
Let m be 50/(-4)*(-3 + 1). Suppose -3*s + v = -m, 2*s + 2*v + v = 13. Let j(h) = h + 3*h - s - 5*h. Determine j(0).
-8
Let w(i) be the first derivative of i**3/3 + i**2 - i + 7. Determine w(-3).
2
Suppose 0 = -3*r - 4*h - 28, 2*r + 22 = -0*r - h. Let l be (r - -4)/2 + 3. Let z(y) = -11*y**3 - y**2 - y - 1. Calculate z(l).
10
Let d(n) = -n**2 + 5. Let u be d(0). Let j(v) = -10 - 3*v + u + 10. Give j(5).
-10
Let q(i) = 8*i**2 - 4*i**2 + 3 - i**2 + i**3 + 3*i. Give q(-2).
1
Let c(p) be the third derivative of p**6/120 + p**5/20 + p**4/24 - p**3/2 - p**2. Let f be (-18)/12 + 1/2. Let w be f*((-2)/(-1) + 1). Calculate c(w).
-6
Let p be 0/(-2 - (-3 + 2)). Let b(j) = -j**2 + j - 5. Calculate b(p).
-5
Suppose 11 = 2*f + 7. Let o(z) = -4*z + 3. Give o(f).
-5
Suppose -23 = -2*t + t - 2*c, 5*t = -3*c + 122. Suppose 2*u = -3*u - t. Let d(a) = a**3 + 4*a**2 - 5*a - 2. Determine d(u).
-2
Let c(o) = -o**3 + 2*o**2 + 3. Let k be c(3). Let p(j) = -j**2 - 13*j + 2. Let m(g) = 2*g**2 + 27*g - 5. Let a(w) = -6*m(w) - 13*p(w). Calculate a(k).
-2
Let a(c) = c**2 + 2*c. Suppose 4*b + 12 = 2*b. Let n be 1/((-9)/b + -1). Give a(n).
8
Let x(t) = -t**3 - 5*t**2 - 4*t - 1. Let b(u) = -1. Let l(p) = -2*b(p) + x(p). Calculate l(-4).
1
Let d(b) = 2*b**3 - 6*b**2 - 3*b. Let k(w) = -3*w**3 + 11*w**2 + 5*w + 1. Let n(i) = 5*d(i) + 3*k(i). Determine n(-3).
3
Suppose 1 + 13 = -2*u. Let b(p) = p**2 + 5*p + 13. Let i(h) = -h**2 - 6*h - 12. Let v(m) = -3*b(m) - 4*i(m). Give v(u).
-5
Suppose -5*g = -5*z - 0*g - 20, 4*z + 18 = 3*g. Let k(l) = l**3 + 7*l**2 + 4*l - 1. Calculate k(z).
11
Let t(m) = -9*m + 12. Let l be t(2). Let k(q) = q**3 + 6*q**2 + 3*q + 6. Determine k(l).
-12
Suppose 6*r - 9 = 3*r. Let c(u) = 1 + 6*u**2 - 5*u + 0*u**3 - u**3 + 0*u**r. Determine c(5).
1
Let s(g) = 7*g**2 - 18*g + 20. Let f(q) = -q**2 + q - 1. Let j(w) = -6*f(w) - s(w). Calculate j(11).
-3
Let m(b) be the first derivative of -b**2/2 + 45. What is m(2)?
-2
Let f be 2 - (-1 - (1 - 3)). Let c(h) = h - 7 + f + 2*h. What is c(4)?
6
Let d(f) be the second derivative of f**3/6 - 3*f**2 + f. Let q(x) = x - 4. Let l(b) = 5*d(b) - 7*q(b). Give l(-2).
2
Let v be (-45)/60 - (-23)/4. Let g(z) = z**3 - 6*z**2 + 5*z + 5. Determine g(v).
5
Let j(h) = -9*h - 3*h**3 + 12*h - h. Determine j(2).
-20
Suppose 4*g - 8 - 8 = 0. Suppose -g*b - 15 = 5. Let j(m) = m + 6. Cal